) to base 14
ac769c
What is -101101010011011010 (base 2) in base 9?
-312480
Convert aabc7 (base 14) to base 3.
210000210210
Convert 134414220 (base 5) to base 7.
5650162
What is 172153 (base 8) in base 3?
10011211110
What is -18357 (base 9) in base 13?
-5a10
404304044 (base 5) to base 2
110001111001001010011
What is 653002 (base 11) in base 2?
11111110110000110010
Convert 7364081 (base 9) to base 6.
220234501
4106310 (base 7) to base 8
1674217
-11213030213 (base 4) to base 15
-1e0deb
Convert -812494 (base 12) to base 11.
-1157336
What is 10110111111101010000 (base 2) in base 4?
2313331100
53233 (base 7) to base 9
20037
What is 102011202200102 (base 3) in base 9?
12152612
-7334441 (base 8) to base 6
-105430121
Convert b0039 (base 14) to base 7.
3410102
Convert 20a874 (base 11) to base 13.
ba1b8
Convert 9a8193 (base 12) to base 2.
1001011000110011111111
What is -10220012101 (base 3) in base 2?
-10010101110010010
What is 1200234204 (base 5) in base 3?
12011100202121
-475370 (base 8) to base 9
-266873
What is 55cb36 (base 13) in base 3?
10211000021000
-1442133 (base 9) to base 7
-6522045
What is -4422652 (base 7) in base 11?
-3414a1
Convert 53d2b0 (base 14) to base 3.
12100022112220
Convert -3132104402 (base 5) to base 12.
-2224934
What is -300020301 (base 4) in base 5?
-22302134
What is 10011001001101111101 (base 2) in base 12?
263225
273c (base 16) to base 13
4758
1425404 (base 6) to base 5
10102310
Convert 2020221231 (base 4) to base 7.
4520565
Convert -21121231 (base 4) to base 16.
-966d
What is 5142024 (base 6) in base 11?
159382
Convert -10000111001111000101 (base 2) to base 6.
-15512245
What is 5a72 (base 15) in base 10?
19232
-178684 (base 10) to base 3
-100002002221
219a7 (base 11) to base 3
1121122111
Convert 2117913 (base 11) to base 4.
32032131102
What is 111231131221 (base 4) in base 13?
12435ca
What is -2163400 (base 8) in base 14?
-112892
-2380421 (base 9) to base 10
-1292860
What is 22401143 (base 6) in base 3?
1021210001100
What is -576142 (base 8) in base 6?
-4105534
Convert 7959895 (base 10) to base 14.
10b2b9d
Convert 210231011330 (base 4) to base 9.
20084662
-1111000001100111111010 (base 2) to base 12
-139b4a2
Convert -280208 (base 12) to base 8.
-2420450
What is 144000 (base 10) in base 4?
203022000
Convert 11c08c (base 14) to base 13.
184438
Convert 13102121112 (base 4) to base 2.
111010010011001010110
Convert 6d66b (base 16) to base 14.
b9439
-221300003310 (base 4) to base 16
-a700f4
-24634 (base 10) to base 9
-36711
-6440211 (base 7) to base 8
-2770760
What is 41e2a0 (base 15) in base 12?
1072973
-10100010010000000101 (base 2) to base 10
-664581
What is -7bd2d8 (base 14) in base 6?
-230305410
What is -1010001110100000 (base 2) in base 11?
-29520
What is 32253151 (base 7) in base 12?
b08b84
10110 (base 7) to base 16
999
-100001001101011010 (base 2) to base 3
-20220121000
Convert 13ab1b6 (base 14) to base 11.
5438936
-bd7c03 (base 14) to base 9
-13100851
What is -7830130 (base 9) in base 2?
-10000000100011000101110
What is 2421101 (base 6) in base 2?
11111000100011101
What is -1200154 (base 8) in base 15?
-671c8
-2112101021 (base 3) to base 7
-265222
What is 102245 (base 9) in base 11?
41681
106172 (base 8) to base 16
8c7a
Convert 3762e (base 16) to base 2.
110111011000101110
What is -34a27 (base 11) in base 5?
-3103421
What is 1013220012 (base 5) in base 7?
23504363
What is 2032420411 (base 5) in base 9?
7778662
What is 11330311 (base 5) in base 13?
38aa2
Convert 86788 (base 9) to base 8.
160245
Convert -37190b (base 14) to base 4.
-13030222313
What is -98fb4 (base 16) in base 7?
-5216600
34384c (base 15) to base 2
1001100000100011001110
What is 13771 (base 10) in base 14?
5039
Convert 11101122100 (base 3) to base 10.
86490
Convert -680024 (base 10) to base 3.
-1021112211002
What is 13d04b5 (base 15) in base 4?
312222002021
Convert 1060011 (base 7) to base 4.
200033133
Convert 75668 (base 9) to base 5.
3100440
-1113002102 (base 4) to base 2
-1010111000010010010
What is 5606a (base 11) in base 5?
10100032
What is -2abacb (base 14) in base 15?
-1e71a6
Convert -20310442 (base 5) to base 14.
-448ba
What is 26bba5 (base 12) in base 6?
21435525
Convert -156774 (base 12) to base 3.
-200111021121
What is -2011120102 (base 3) in base 5?
-2331243
-213511 (base 9) to base 8
-370435
Convert -21479 (base 15) to base 6.
-2133023
What is -1222113213 (base 5) in base 2?
-1011001010010111101010
862538 (base 14) to base 2
10001010100010011010110
Convert -123221223 (base 4) to base 10.
-113259
Convert -280510 (base 9) to base 12.
-82b60
-636400 (base 7) to base 12
-539b7
Convert 4416002 (base 8) to base 10.
1186818
Convert -222110322 (base 4) to base 7.
-1321311
What is -61520 (base 8) in base 14?
-93a0
Convert -66608d (base 15) to base 12.
-1774367
-14b146 (base 12) to base 9
-584410
480421 (base 9) to base 12
11b317
Convert -40302022 (base 5) to base 11.
-200032
What is 3514525 (base 6) in base 2?
101100001111010101
What is -132222330132 (base 4) in base 3?
-120010111010000
Convert -114140431 (base 5) to base 10.
-536991
316b6c (base 14) to base 7
20125365
Convert -1418451 (base 11) to base 5.
-1111112334
What is -2040324 (base 5) in base 9?
-51368
What is 11220210121 (base 3) in base 12?
48037
Convert -11131324 (base 5) to base 11.
-68398
Convert 1516105 (base 7) to base 13.
72b14
Convert -212112122 (base 4) to base 15.
-31822
-52020044 (base 7) to base 12
-1561a9b
164401 (base 12) to base 5
44140422
What is -2206225 (base 12) in base 16?
-62e1bd
Convert 2617523 (base 9) to base 13.
3b0727
11642646 (base 7) to base 8
4007754
10101101111100001111011 (base 2) to base 10
5699707
What is 134809 (base 13) in base 14?
c2341
-311230302 (base 4) to base 10
-219954
Convert e7dd (base 16) to base 11.
40661
110000111001001110 (base 2) to base 12
97a92
Convert -3204244124 (base 5) to base 15.
-8c8ce4
Convert 1000101000001111 (base 2) to base 8.
105017
2804834 (base 9) to base 5
343220434
What is 2a4391a (base 11) in base 9?
10731708
Convert -c634 (base 15) to base 7.
-233104
Convert -10ec06 (base 16) to base 14.
-20c222
100101000100100011010 (base 2) to base 5
302332441
What is -11101111111000100100 (base 2) in base 5?
-222420224
Convert 342310110 (base 5) to base 2.
101110100011110010111
3545164 (base 12) to base 16
9d129c
Convert 1111010111101111111 (base 2) to base 12.
203593
What is 476030 (base 14) in base 10?
2436714
1205814 (base 9) to base 4
2133220111
What is 307170 (base 8) in base 5?
11231013
Convert 20302012 (base 4) to base 10.
35974
37063b (base 15) to base 10
2633906
Convert -4413341 (base 5) to base 14.
-1da36
1147101 (base 9) to base 3
1011121010001
Convert -1144301 (base 9) to base 8.
-2272566
Convert -747525 (base 8) to base 15.
-4deaa
What is 1185444 (base 11) in base 3?
10212111120111
What is -27355715 (base 8) in base 9?
-12514664
Convert -183051 (base 11) to base 14.
-74bd2
Convert -e559 (base 15) to base 3.
-2110110210
What is -314f5 (base 16) in base 13?
-70c15
ab031 (base 12) to base 6
4504101
ac6e5 (base 16) to base 11
442700
What is 23115413 (base 6) in base 10?
710145
What is 37a2a2 (base 14) in base 13?
51b6b8
Convert -1736c3 (base 14) to base 16.
-c74bb
Convert 1c43b (base 15) to base 16.
167b1
What is -61357 (base 12) in base 3?
-20102201111
What is -493c (base 13) in base 11?
-7869
What is -232211302032 (base 4) in base 5?
-11111312030
What is -233424010 (base 5) in base 2?
-100000110111000010011
Convert 368279 (base 15) to base 10.
2609439
1111110111101011001 (base 2) to base 16
7ef59
What is 1210021202220 (base 3) in base 2?
11101000000010110011
Convert 28a48 (base 11) to base 16.
a0e8
What is 436468 (base 10) in base 16?
6a8f4
-11202031310 (base 4) to base 5
-332411433
Convert 3777b3 (base 12) to base 3.
1200222021100
Convert 5e1b9e (base 15) to base 6.
240411052
What is 12384017 (base 10) in base 2?
101111001111011100010001
Convert -70438 (base 9) to base 14.
-12c22
What is 13430a7 (base 11) in base 16?
235c4c
What is d3d95 (base 15) in base 10?
671315
What is -17326113 (base 8) in base 5?
-2013314203
-23435104 (base 6) to base 11
-462a28
What is -2202210121 (base 4) in base 2?
-10100010100100011001
Convert 10011011101100000 (base 2) to base 9.
131308
Convert 1630 (base 14) to base 11.
2a82
What is 10204130230